{"id":1586,"date":"2020-01-29T19:13:07","date_gmt":"2020-01-29T17:13:07","guid":{"rendered":"http:\/\/www.jukrama.fi\/marja\/?page_id=1586"},"modified":"2020-01-30T14:55:17","modified_gmt":"2020-01-30T12:55:17","slug":"tietosuojaseloste","status":"publish","type":"page","link":"https:\/\/www.marjahaapio.fi\/marja\/kuvaajasi\/tietosuojaseloste\/","title":{"rendered":"Tietosuojaseloste"},"content":{"rendered":"<div class=\"fusion-fullwidth fullwidth-box fusion-builder-row-1 nonhundred-percent-fullwidth non-hundred-percent-height-scrolling\" style=\"--awb-border-radius-top-left:0px;--awb-border-radius-top-right:0px;--awb-border-radius-bottom-right:0px;--awb-border-radius-bottom-left:0px;--awb-flex-wrap:wrap;\" ><div class=\"fusion-builder-row fusion-row\"><div class=\"fusion-layout-column fusion_builder_column fusion-builder-column-0 fusion_builder_column_1_6 1_6 fusion-one-sixth fusion-column-first\" style=\"--awb-bg-size:cover;width:16.666666666667%;width:calc(16.666666666667% - ( ( 4% + 4% ) * 0.16666666666667 ) );margin-right: 4%;\"><div class=\"fusion-column-wrapper fusion-column-has-shadow fusion-flex-column-wrapper-legacy\"><div class=\"fusion-clearfix\"><\/div><\/div><\/div><div class=\"fusion-layout-column fusion_builder_column fusion-builder-column-1 fusion_builder_column_2_3 2_3 fusion-two-third\" style=\"--awb-bg-size:cover;width:66.666666666667%;width:calc(66.666666666667% - ( ( 4% + 4% ) * 0.66666666666667 ) );margin-right: 4%;\"><div class=\"fusion-column-wrapper fusion-column-has-shadow fusion-flex-column-wrapper-legacy\"><div class=\"fusion-text fusion-text-1\"><h3><\/h3>\n<h3>Rekisteri- ja tietosuojaseloste<\/h3>\n<p>T\u00e4m\u00e4 on valokuvaaja Marja Haapion henkil\u00f6tietolain (10 ja 24 \u00a7) ja EU:n yleisen tietosuoja-asetuksen (GDPR) mukainen tietosuojaseloste. Laadittu 24.01.2020.<\/p>\n<h5>Rekisterinpit\u00e4j\u00e4 ja rekisterist\u00e4 vastaava yhteyshenkil\u00f6<\/h5>\n<p>Nimi: Valokuvaaja Marja Haapio<\/p>\n<p>Y-tunnus:\u00a0 1844111-1<\/p>\n<p>Puh: 040 5106297<\/p>\n<p>info(at)etunimisukunimi piste fi<\/p>\n<h5>Tietojen ker\u00e4\u00e4misen ja k\u00e4sittelyn peruste<\/h5>\n<p>Ker\u00e4\u00e4n ja k\u00e4sittelen asiakkaan itsens\u00e4 antamia tietoja. Tietoja k\u00e4ytet\u00e4\u00e4n ensisijaisesti kommunikointiin asiakkaan kanssa sek\u00e4 toimeksiantojen hoitamiseen.\u00a0 Henkil\u00f6tietojen k\u00e4sittelyn perusteena ovat velvoitteet asiakassuhteen hoitamiseen ja yll\u00e4pitoon sek\u00e4 lakis\u00e4\u00e4teiset velvoitteet.<\/p>\n<h5>Rekisterin tietosis\u00e4lt\u00f6<\/h5>\n<p>Tallennettavia tietoja ovat asiakkaan valokuvien lis\u00e4ksi, nimi, yhteystiedot (puhelinnumero\/s\u00e4hk\u00f6posti\/osoite), asiakassuhdetta koskevat koskevat tiedot, kuten tuote-ja tilaustiedot sek\u00e4 tieto kuvien julkaisuoikeuksista. Yritys- ja yhdistysasiakkailla lis\u00e4ksi yrityksen nimi ja Y-tunnus.<\/p>\n<h5>Tietojen s\u00e4ilytysaika<\/h5>\n<p>Rekisteritiedot s\u00e4ilytet\u00e4\u00e4n niin kauan kun niit\u00e4 tarvitaan asiakkaan toimeksiannon toteuttamiseksi ja asiakassuhteen yll\u00e4pit\u00e4miseksi. Kirjapitoaineistoa s\u00e4ilytet\u00e4\u00e4n kirjanpitolain mukaisesti.<\/p>\n<h5>S\u00e4\u00e4nn\u00f6nmukaiset tietol\u00e4hteet<\/h5>\n<p>Rekisteriin tallennettavat tiedot ovat asiakkalta itselt\u00e4\u00e4n saatuja tai alaik\u00e4isen henkil\u00f6n tapauksessa t\u00e4m\u00e4n huoltajalta saatuja.<\/p>\n<h5>Tietojen s\u00e4\u00e4nn\u00f6nmukaiset luovutukset ja tietojen siirto EU:n tai ETA:n ulkopuolelle<\/h5>\n<p>Tietoja ei luovuteta yrityksen ulkopuolelle.\u00a0 Osa yrityksen k\u00e4ytt\u00e4mist\u00e4 ulkopuolisista palvelun- tai ohjelmistontarjoajista saattaa s\u00e4ilytt\u00e4\u00e4 tietoja EU:n tai ETA:n ulkopuolella (dropbox.com).<\/p>\n<h5>Rekisterin suojauksen periaatteet<\/h5>\n<p>Rekisteritiedot tallennetaan ja niit\u00e4 k\u00e4sitell\u00e4\u00e4n rekisterinpit\u00e4j\u00e4n \u00a0omassa tietoj\u00e4rjestelm\u00e4ss\u00e4. Rekisterin k\u00e4sittelyss\u00e4 noudatetaan huolellisuutta ja laitteiston tietoturvasta on huolehdittu asiaankuuluvasti. Rekisteritietoja k\u00e4sittelev\u00e4t vain henkil\u00f6t, joiden toimenkuvaan se kuuluu.<\/p>\n<h5>Rekister\u00f6idyn oikeudet<\/h5>\n<p>Jokaisella rekisteriss\u00e4 olevalla henkil\u00f6ll\u00e4 on oikeus tarkistaa rekisteriin tallennetut tietonsa ja vaatia mahdollisen virheellisen tiedon korjaamista tai puutteellisen tiedon t\u00e4ydent\u00e4mist\u00e4. Rekisteriss\u00e4 olevalla henkil\u00f6ll\u00e4 on oikeus pyyt\u00e4\u00e4 h\u00e4nt\u00e4 koskevien henkil\u00f6tietojen poistamista rekisterist\u00e4.<\/p>\n<p>Mik\u00e4li henkil\u00f6 haluaaa tarkistaa h\u00e4nest\u00e4 tallennetut tiedot, vaatia niihin oikaisua tai pyyt\u00e4\u00e4 tietojen poistamista, pyynt\u00f6 tulee l\u00e4hett\u00e4\u00e4 s\u00e4hk\u00f6isesti rekisterin pit\u00e4j\u00e4lle. Rekisterinpit\u00e4j\u00e4 voi pyyt\u00e4\u00e4 tarvittaessa pyynn\u00f6n esitt\u00e4j\u00e4\u00e4 todistamaan henkil\u00f6llisyytens\u00e4.\u00a0 Rekisterinpit\u00e4j\u00e4 vastaa asiakkaalle EU:n tietosuoja-asetuksessa s\u00e4\u00e4detyss\u00e4 ajassa.<\/p>\n<p>Jos sinulla on mit\u00e4\u00e4n kysytt\u00e4v\u00e4\u00e4 liittyen tietosuojaan tai henkil\u00f6tietojesi k\u00e4sittelyyn tai haluat k\u00e4ytt\u00e4\u00e4 edell\u00e4 mainittuja oikeuksiasi, ota yhteytt\u00e4.<\/p>\n<\/div><div class=\"fusion-clearfix\"><\/div><\/div><\/div><div class=\"fusion-layout-column fusion_builder_column fusion-builder-column-2 fusion_builder_column_1_6 1_6 fusion-one-sixth fusion-column-last\" style=\"--awb-bg-size:cover;width:16.666666666667%;width:calc(16.666666666667% - ( ( 4% + 4% ) * 0.16666666666667 ) );\"><div class=\"fusion-column-wrapper fusion-column-has-shadow fusion-flex-column-wrapper-legacy\"><div class=\"fusion-clearfix\"><\/div><\/div><\/div><\/div><\/div>\n","protected":false},"excerpt":{"rendered":"","protected":false},"author":4,"featured_media":0,"parent":9,"menu_order":0,"comment_status":"closed","ping_status":"closed","template":"","meta":{"footnotes":""},"class_list":["post-1586","page","type-page","status-publish","hentry"],"_links":{"self":[{"href":"https:\/\/www.marjahaapio.fi\/marja\/wp-json\/wp\/v2\/pages\/1586","targetHints":{"allow":["GET"]}}],"collection":[{"href":"https:\/\/www.marjahaapio.fi\/marja\/wp-json\/wp\/v2\/pages"}],"about":[{"href":"https:\/\/www.marjahaapio.fi\/marja\/wp-json\/wp\/v2\/types\/page"}],"author":[{"embeddable":true,"href":"https:\/\/www.marjahaapio.fi\/marja\/wp-json\/wp\/v2\/users\/4"}],"replies":[{"embeddable":true,"href":"https:\/\/www.marjahaapio.fi\/marja\/wp-json\/wp\/v2\/comments?post=1586"}],"version-history":[{"count":4,"href":"https:\/\/www.marjahaapio.fi\/marja\/wp-json\/wp\/v2\/pages\/1586\/revisions"}],"predecessor-version":[{"id":1592,"href":"https:\/\/www.marjahaapio.fi\/marja\/wp-json\/wp\/v2\/pages\/1586\/revisions\/1592"}],"up":[{"embeddable":true,"href":"https:\/\/www.marjahaapio.fi\/marja\/wp-json\/wp\/v2\/pages\/9"}],"wp:attachment":[{"href":"https:\/\/www.marjahaapio.fi\/marja\/wp-json\/wp\/v2\/media?parent=1586"}],"curies":[{"name":"wp","href":"https:\/\/api.w.org\/{rel}","templated":true}]}}